e 16, what is 26 - 1e2a2f?
-1e2a09
In base 11, what is -280228 - 27?
-280254
In base 7, what is -2154544 - -1154?
-2153360
In base 12, what is -a97a3 - -39?
-a9766
In base 7, what is 5465 - 105542?
-100044
In base 13, what is 57844 + -30?
57814
In base 14, what is 12da4 - 165?
12c3d
In base 3, what is -12122 - 111120212022?
-111121001221
In base 15, what is c755 - -2d?
c783
In base 8, what is -2515 + 103016?
100301
In base 8, what is 60 - 3031554?
-3031474
In base 16, what is -3 - 8e0b79?
-8e0b7c
In base 12, what is -15602214 + -5?
-15602219
In base 2, what is 100011010 + 100000100111100010100?
100000101000000101110
In base 16, what is 72e - 149a0?
-14272
In base 5, what is -1111203220 + -212?
-1111203432
In base 2, what is -1 - -11011101111100101011011?
11011101111100101011010
In base 14, what is 2 + 94d76a2?
94d76a4
In base 2, what is 1011 + -10010001110000110?
-10010001101111011
In base 4, what is 12200100323 + 10?
12200100333
In base 5, what is -10 + 120033143030?
120033143020
In base 3, what is 211021012021221001 + -11?
211021012021220220
In base 10, what is 8313128 - -2?
8313130
In base 16, what is 10079a + -1a?
100780
In base 15, what is 1e + -4c91de?
-4c91c0
In base 13, what is 121bac - 114a?
120a62
In base 8, what is -14327567 - -136?
-14327431
In base 8, what is 1 - -1243365?
1243366
In base 3, what is -120121101010001 + -1?
-120121101010002
In base 3, what is 12102002010 + 10110122?
12112112202
In base 4, what is 1222122002300 - -31?
1222122002331
In base 9, what is -17712370 - 1?
-17712371
In base 2, what is -11001011001011110110101 + -11111?
-11001011001011111010100
In base 15, what is -599154 + 41?
-599113
In base 13, what is 5034c8 + -16?
5034b2
In base 3, what is -10010102120 + 1000121210?
-2002210210
In base 14, what is 16 - -135360?
135376
In base 10, what is 673 - -56791?
57464
In base 16, what is -3dda26 - a?
-3dda30
In base 3, what is -220222101010 - 22220?
-220222201000
In base 6, what is 2 - 2055323540?
-2055323534
In base 2, what is -1 + 10000010001010010110011?
10000010001010010110010
In base 16, what is 104e7 - 4?
104e3
In base 5, what is 203020200 + 244?
203020444
In base 8, what is -57 - -1004130?
1004051
In base 8, what is -315653 - 10403?
-326256
In base 13, what is -28 + 726796?
72676b
In base 3, what is -21 + 2120121101100?
2120121101002
In base 5, what is -11310 - -110041404?
110030044
In base 10, what is -6 - -1508387?
1508381
In base 2, what is -1100110111010000100010 + -1101100?
-1100110111010010001110
In base 2, what is -11110 - 1001001100100010010110?
-1001001100100010110100
In base 6, what is -4 + -150442411?
-150442415
In base 6, what is 0 - 53123514323?
-53123514323
In base 16, what is 67 + 6d65a?
6d6c1
In base 15, what is -351e4bae - -2?
-351e4bac
In base 9, what is -3 + 121678680?
121678676
In base 11, what is -39220715 + -7?
-39220721
In base 3, what is 20012201022 + -120?
20012200202
In base 5, what is 11020 + -21222332?
-21211312
In base 6, what is 0 + 501154210?
501154210
In base 3, what is -21000022220021200 + -1?
-21000022220021201
In base 2, what is -101100001110 - -10000100110?
-11011101000
In base 14, what is -b6 - 12284?
-1235a
In base 2, what is 10001001101011000011010 - 0?
10001001101011000011010
In base 8, what is 10 - 416717254?
-416717244
In base 11, what is -275a70 + 222?
-275849
In base 6, what is 51 - 4200525?
-4200434
In base 5, what is -244 + 142423442?
142423143
In base 9, what is -815 + -488484?
-500410
In base 13, what is 166 - -1c26a?
1c403
In base 10, what is -17 + 5930173?
5930156
In base 12, what is 2 - 53785a?
-537858
In base 10, what is 90 - -686?
776
In base 12, what is 159b69 - 167?
159a02
In base 12, what is -b685 - -3774?
-7b11
In base 11, what is 8a88749 - 4?
8a88745
In base 9, what is 3 - 3818458?
-3818455
In base 11, what is -35968 + 502a?
-30939
In base 9, what is 3 + -4764861?
-4764857
In base 5, what is 1 - -404012120330?
404012120331
In base 6, what is -1 + -13223533204?
-13223533205
In base 9, what is 2 - 2125308?
-2125306
In base 3, what is 12002211 - 20101212?
-1022001
In base 10, what is -15064075 + -13?
-15064088
In base 16, what is 1e2 + 10f0f?
110f1
In base 14, what is 1a1cd89 - 3?
1a1cd86
In base 10, what is 148 + -14139?
-13991
In base 2, what is 1100001110110011001110000000 + -1?
1100001110110011001101111111
In base 12, what is -5ab44986 + -5?
-5ab4498b
In base 3, what is 212021 + -200222011?
-200002220
In base 11, what is -374648 - 5?
-374652
In base 3, what is 21000021202201011022 - 2?
21000021202201011020
In base 13, what is 1ab305 - -1c5?
1ab4ca
In base 5, what is -4102 - -110201203?
110142101
In base 7, what is 25553532615 - -3?
25553532621
In base 16, what is -53b50 - 1b3?
-53d03
In base 8, what is 2 - 4574545?
-4574543
In base 13, what is 34b2 - -ab7?
4299
In base 11, what is 5 + -41a9a85?
-41a9a80
In base 2, what is -10100010000111110 - 110?
-10100010001000100
In base 7, what is 206661 + -13?
206645
In base 4, what is -132011023112023 - 11?
-132011023112100
In base 16, what is 0 + -10f944a?
-10f944a
In base 10, what is 488 + -9738?
-9250
In base 8, what is -136046713 - -2?
-136046711
In base 2, what is 100 + 10101001001000101111000?
10101001001000101111100
In base 2, what is -11111110001100 - -1101110?
-11111100011110
In base 11, what is -a795457 + -11?
-a795468
In base 5, what is -2022111200 - 11?
-2022111211
In base 14, what is -cb99 - 187?
-cd42
In base 11, what is -390a8 - -6506?
-326a2
In base 6, what is 3142232245 + 3?
3142232252
In base 3, what is -202002 - -201112110202?
201111201200
In base 11, what is -39781 - 193?
-39964
In base 11, what is -3 - -1557292?
155728a
In base 6, what is 2 + 11424022253?
11424022255
In base 15, what is 44d7d + 115?
44e93
In base 13, what is -8300a3 - -4?
-83009c
In base 15, what is 1802ee81 + -5?
1802ee7b
In base 11, what is -139 - -88268?
8812a
In base 7, what is 13 + 2603644334?
2603644350
In base 11, what is 1320 - 28692?
-27372
In base 5, what is 3302410011 - 4?
3302410002
In base 2, what is 101010110111111010001011010 + -101?
101010110111111010001010101
In base 8, what is -20405520 + 45?
-20405453
In base 13, what is 4122 - 639?
37b6
In base 13, what is 672052 + 3?
672055
In base 12, what is -8a046 + -319?
-8a363
In base 16, what is 8039 - 1a?
801f
In base 6, what is -531314321 - -4?
-531314313
In base 12, what is -2968 - -2444?
-524
In base 4, what is 2021 + 12332011?
13000032
In base 4, what is 212322320 + -1003?
212321311
In base 16, what is -8d2 - a265?
-ab37
In base 4, what is 1102 + 110202121?
110203223
In base 4, what is -133111103 - -13?
-133111030
In base 8, what is -2214232556 + 5?
-2214232551
In base 4, what is 203201 - -212232?
1022033
In base 4, what is -312 - -213000230121?
213000223203
In base 15, what is b9b - -748?
13e4
In base 12, what is -46a5631 + 3?
-46a562a
In base 6, what is 12231050 - -4415?
12235505
In base 10, what is 609628 - 85?
609543
In base 2, what is 11110001001111011111111 + -10?
11110001001111011111101
In base 11, what is 409592 - -9?
4095a0
In base 13, what is -66 + -b9120?
-b9186
In base 6, what is -54134223505 + 1?
-54134223504
In base 4, what is -101310311133 + -2?
-101310311201
In base 5, what is -4113323443310 - 10?
-4113323443320
In base 11, what is 2957a5 - 13?
295792
In base 7, what is 10442231 - 6?
10442222
In base 3, what is -122 + 12110021212021?
12110021211122
In base 12, what is -3 + 318bab9a?
318bab97
In base 7, what is 4620 + -12501?
-4551
In base 6, what is -52201244 - 25?
-52201313
In base 15, what is 1badb + -783?
1b358
In base 13, what is a1c10097 + 4?
a1c1009b
In base 11, what is 15443a0 + 5?
15443a5
In base 10, what is -104 + -1216226?
-1216330
In base 9, what is 823 - 54212?
-53278
In base 4, what is -1112 + 2232121013?
2232113301
In base 8, what is 0 - -13315163?
13315163
In base 10, what is 7274 - -38730?
46004
In base 14, what is -2c4d43 + 47?
-2c4cda
In base 8, what is -174322617 + -6?
-174322625
In base 10, what is -5 - -22585845?
22585840
In base 3, what is 100022222000 + 110002?
100100102002
In base 5, what is 42 + -230001030?
-230000433
In base 8, what is -57 + 1014026?
1013747
In base 2, what is 1010 + 1010011111010001011100111?
1010011111010001011110001
In base 6, what is 5 - 54350440?
-54350431
In base 3, what is -1222 - 21112022